when 3728 is divided by 1187?
167
Calculate the remainder when 1008 is divided by 951.
57
Calculate the remainder when 4681 is divided by 195.
1
Calculate the remainder when 1406017 is divided by 70.
67
What is the remainder when 805984 is divided by 202?
4
Calculate the remainder when 17512 is divided by 1152.
232
What is the remainder when 79325 is divided by 411?
2
What is the remainder when 4604 is divided by 48?
44
What is the remainder when 80100 is divided by 11?
9
Calculate the remainder when 104880 is divided by 1839.
57
Calculate the remainder when 693 is divided by 422.
271
Calculate the remainder when 14569 is divided by 162.
151
Calculate the remainder when 17420 is divided by 16.
12
What is the remainder when 2950 is divided by 110?
90
What is the remainder when 28108 is divided by 148?
136
What is the remainder when 15483 is divided by 58?
55
Calculate the remainder when 460903 is divided by 126.
121
Calculate the remainder when 16251 is divided by 4057.
23
Calculate the remainder when 437065 is divided by 1892.
13
Calculate the remainder when 4438 is divided by 117.
109
Calculate the remainder when 8802 is divided by 142.
140
Calculate the remainder when 3067 is divided by 989.
100
What is the remainder when 71512 is divided by 87?
85
What is the remainder when 25113 is divided by 4181?
27
What is the remainder when 5629 is divided by 5424?
205
What is the remainder when 24232 is divided by 1447?
1080
What is the remainder when 52594 is divided by 36?
34
Calculate the remainder when 2371 is divided by 245.
166
Calculate the remainder when 45581 is divided by 2.
1
What is the remainder when 24995 is divided by 8301?
92
What is the remainder when 17132 is divided by 84?
80
What is the remainder when 69339 is divided by 34647?
45
What is the remainder when 140968 is divided by 1532?
24
Calculate the remainder when 10274 is divided by 2564.
18
What is the remainder when 18746 is divided by 109?
107
Calculate the remainder when 9950 is divided by 594.
446
Calculate the remainder when 22506 is divided by 62.
0
Calculate the remainder when 1610 is divided by 39.
11
What is the remainder when 5351 is divided by 67?
58
What is the remainder when 7734 is divided by 1919?
58
What is the remainder when 132001 is divided by 43996?
13
What is the remainder when 3029 is divided by 1220?
589
What is the remainder when 2458 is divided by 1206?
46
Calculate the remainder when 38185 is divided by 979.
4
Calculate the remainder when 100840 is divided by 81.
76
What is the remainder when 814046 is divided by 335?
331
Calculate the remainder when 24288 is divided by 100.
88
Calculate the remainder when 75814 is divided by 351.
349
What is the remainder when 10921 is divided by 245?
141
What is the remainder when 3529 is divided by 11?
9
Calculate the remainder when 4049 is divided by 45.
44
Calculate the remainder when 34517 is divided by 170.
7
What is the remainder when 112745 is divided by 12?
5
What is the remainder when 582 is divided by 286?
10
What is the remainder when 3223 is divided by 288?
55
Calculate the remainder when 30233 is divided by 3023.
3
What is the remainder when 3530 is divided by 3502?
28
Calculate the remainder when 2009 is divided by 84.
77
Calculate the remainder when 2158 is divided by 243.
214
What is the remainder when 11383 is divided by 2752?
375
What is the remainder when 241894 is divided by 479?
478
What is the remainder when 4497 is divided by 4463?
34
Calculate the remainder when 11053 is divided by 41.
24
What is the remainder when 78658 is divided by 249?
223
What is the remainder when 1723 is divided by 40?
3
What is the remainder when 24814 is divided by 141?
139
What is the remainder when 3506 is divided by 3330?
176
What is the remainder when 13546 is divided by 13538?
8
Calculate the remainder when 80576 is divided by 108.
8
Calculate the remainder when 7680 is divided by 3833.
14
What is the remainder when 3347 is divided by 124?
123
Calculate the remainder when 135007 is divided by 362.
343
What is the remainder when 144138 is divided by 3203?
3
What is the remainder when 32124 is divided by 10705?
9
What is the remainder when 3909 is divided by 33?
15
Calculate the remainder when 166859 is divided by 406.
399
What is the remainder when 60238 is divided by 20013?
199
What is the remainder when 173918 is divided by 97?
94
Calculate the remainder when 3677 is divided by 1225.
2
What is the remainder when 24861 is divided by 23?
21
What is the remainder when 71926 is divided by 72?
70
What is the remainder when 6969 is divided by 3472?
25
What is the remainder when 4684 is divided by 520?
4
Calculate the remainder when 1618 is divided by 792.
34
What is the remainder when 6921 is divided by 691?
11
Calculate the remainder when 637810 is divided by 23.
20
Calculate the remainder when 6816 is divided by 2813.
1190
What is the remainder when 6175 is divided by 22?
15
Calculate the remainder when 608805 is divided by 22.
21
Calculate the remainder when 7063 is divided by 136.
127
Calculate the remainder when 2027 is divided by 165.
47
Calculate the remainder when 8789 is divided by 122.
5
What is the remainder when 841 is divided by 831?
10
Calculate the remainder when 14675 is divided by 4319.
1718
Calculate the remainder when 3736 is divided by 939.
919
What is the remainder when 95334 is divided by 95321?
13
Calculate the remainder when 18422 is divided by 47.
45
What is the remainder when 55436 is divided by 330?
326
Calculate the remainder when 156027 is divided by 21.
18
Calculate the remainder when 89687 is divided by 39.
26
What is the remainder when 20184 is divided by 3?
0
What is the remainder when 12083 is divided by 3661?
1100
Calculate the remainder when 63261 is divided by 12639.
66
Calculate the remainder when 23252 is divided by 102.
98
Calculate the remainder when 193923 is divided by 123.
75
What is the remainder when 10851 is divided by 375?
351
What is the remainder when 1883 is divided by 226?
75
Calculate the remainder when 75832 is divided by 67.
55
Calculate the remainder when 838849 is divided by 6168.
1
Calculate the remainder when 2892 is divided by 2892.
0
Calculate the remainder when 4235 is divided by 469.
14
Calculate the remainder when 615100 is divided by 7.
3
What is the remainder when 96120 is divided by 6865?
10
Calculate the remainder when 16529 is divided by 435.
434
What is the remainder when 255607 is divided by 102?
97
What is the remainder when 725 is divided by 320?
85
What is the remainder when 29912 is divided by 9961?
29
What is the remainder when 42345 is divided by 290?
5
Calculate the remainder when 249031 is divided by 2767.
1
Calculate the remainder when 2564 is divided by 2476.
88
What is the remainder when 272705 is divided by 136340?
25
Calculate the remainder when 2504 is divided by 1198.
108
Calculate the remainder when 1444 is divided by 1061.
383
Calculate the remainder when 376558 is divided by 265.
258
Calculate the remainder when 148258 is divided by 173.
170
What is the remainder when 376139 is divided by 8?
3
What is the remainder when 5947 is divided by 5874?
73
What is the remainder when 686 is divided by 233?
220
What is the remainder when 76303 is divided by 408?
7
Calculate the remainder when 1041411 is divided by 1022.
1015
What is the remainder when 244846 is divided by 17?
12
Calculate the remainder when 16132 is divided by 221.
220
What is the remainder when 16051 is divided by 1139?
105
What is the remainder when 111670 is divided by 36?
34
Calculate the remainder when 28262 is divided by 1386.
542
What is the remainder when 583836 is divided by 812?
8
What is the remainder when 352832 is divided by 951?
11
Calculate the remainder when 212527 is divided by 253.
7
What is the remainder when 3185 is divided by 11?
6
Calculate the remainder when 6187 is divided by 44.
27
What is the remainder when 295879 is divided by 6295?
14
What is the remainder when 58274 is divided by 44?
18
What is the remainder when 849185 is divided by 191?
190
Calculate the remainder when 14287 is divided by 94.
93
Calculate the remainder when 8103 is divided by 18.
3
What is the remainder when 12115 is divided by 751?
99
Calculate the remainder when 62638 is 